{"id":49,"date":"2026-03-02T15:01:19","date_gmt":"2026-03-02T14:01:19","guid":{"rendered":"https:\/\/www.nesso.pro\/?page_id=49"},"modified":"2026-04-09T11:40:04","modified_gmt":"2026-04-09T09:40:04","slug":"contact","status":"publish","type":"page","link":"https:\/\/www.nesso.pro\/?page_id=49","title":{"rendered":"Contact"},"content":{"rendered":"\t\t<div data-elementor-type=\"wp-page\" data-elementor-id=\"49\" class=\"elementor elementor-49\" data-elementor-post-type=\"page\">\n\t\t\t\t<div class=\"elementor-element elementor-element-7990bde e-con-full e-flex e-con e-parent\" data-id=\"7990bde\" data-element_type=\"container\" data-e-type=\"container\">\n\t\t<div class=\"elementor-element elementor-element-700d7e7 e-con-full e-flex e-con e-child\" data-id=\"700d7e7\" data-element_type=\"container\" data-e-type=\"container\" data-settings=\"{&quot;background_background&quot;:&quot;classic&quot;}\">\n\t\t\t\t<div class=\"elementor-element elementor-element-28df117 elementor-widget elementor-widget-heading\" data-id=\"28df117\" data-element_type=\"widget\" data-e-type=\"widget\" data-widget_type=\"heading.default\">\n\t\t\t\t\t<h2 class=\"elementor-heading-title elementor-size-default\">Restons en contact<\/h2>\t\t\t\t<\/div>\n\t\t\t\t<div class=\"elementor-element elementor-element-1c6c7d1 elementor-widget elementor-widget-heading\" data-id=\"1c6c7d1\" data-element_type=\"widget\" data-e-type=\"widget\" data-widget_type=\"heading.default\">\n\t\t\t\t\t<h2 class=\"elementor-heading-title elementor-size-default\"><font color=\"#000000\">\u00c9changeons ensemble<\/font><br>sur vos enjeux BtoB.<\/h2>\t\t\t\t<\/div>\n\t\t\t\t<\/div>\n\t\t\t\t<\/div>\n\t\t<div class=\"elementor-element elementor-element-605b323 e-con-full e-flex e-con e-parent\" data-id=\"605b323\" data-element_type=\"container\" data-e-type=\"container\">\n\t\t<div class=\"elementor-element elementor-element-c8757e8 e-con-full elementor-hidden-mobile e-flex e-con e-child\" data-id=\"c8757e8\" data-element_type=\"container\" data-e-type=\"container\" data-settings=\"{&quot;background_background&quot;:&quot;classic&quot;}\">\n\t\t<div class=\"elementor-element elementor-element-1b4e418 e-con-full e-flex e-con e-child\" data-id=\"1b4e418\" data-element_type=\"container\" data-e-type=\"container\" data-settings=\"{&quot;background_background&quot;:&quot;classic&quot;}\">\n\t\t<div class=\"elementor-element elementor-element-d2ec97b e-con-full bulle-chat e-flex e-con e-child\" data-id=\"d2ec97b\" data-element_type=\"container\" data-e-type=\"container\">\n\t\t\t\t<div class=\"elementor-element elementor-element-cb8a864 elementor-widget__width-auto elementor-widget elementor-widget-text-editor\" data-id=\"cb8a864\" data-element_type=\"widget\" data-e-type=\"widget\" data-widget_type=\"text-editor.default\">\n\t\t\t\t\t\t\t\t\t<p><strong>Fr\u00e9d\u00e9ric Laurent<\/strong><\/p><p>On a des id\u00e9es pour activer nos clients et partenaires, mais notre \u00e9cosyst\u00e8me est complexe et on manque de temps pour les mettre en \u0153uvre.<\/p>\t\t\t\t\t\t\t\t<\/div>\n\t\t\t\t<div class=\"elementor-element elementor-element-906d64e elementor-widget elementor-widget-image\" data-id=\"906d64e\" data-element_type=\"widget\" data-e-type=\"widget\" data-widget_type=\"image.default\">\n\t\t\t\t\t\t\t\t\t\t\t\t\t\t\t<img decoding=\"async\" width=\"150\" height=\"150\" src=\"https:\/\/www.nesso.pro\/wp-content\/uploads\/2026\/03\/contact-nesso-client-potentiel-150x150.webp\" class=\"attachment-thumbnail size-thumbnail wp-image-1051\" alt=\"Illustration d&#039;un client potentiel souriant pour une simulation de t\u00e9moignage nesso\" \/>\t\t\t\t\t\t\t\t\t\t\t\t\t\t\t<\/div>\n\t\t\t\t<\/div>\n\t\t<div class=\"elementor-element elementor-element-f711bd0 e-con-full bulle-chat e-flex e-con e-child\" data-id=\"f711bd0\" data-element_type=\"container\" data-e-type=\"container\">\n\t\t\t\t<div class=\"elementor-element elementor-element-ab1ed7a elementor-widget__width-auto elementor-widget elementor-widget-text-editor\" data-id=\"ab1ed7a\" data-element_type=\"widget\" data-e-type=\"widget\" data-widget_type=\"text-editor.default\">\n\t\t\t\t\t\t\t\t\t<p><strong><span style=\"color: #b33c12;\">nesso<\/span><\/strong><\/p><p>C&rsquo;est souvent l\u00e0 que \u00e7a bloque. Notre r\u00f4le, c&rsquo;est pr\u00e9cis\u00e9ment de prendre le relais \u2014 pour que vos id\u00e9es deviennent des dispositifs concrets, sans que \u00e7a repose enti\u00e8rement sur vos \u00e9quipes.<\/p>\t\t\t\t\t\t\t\t<\/div>\n\t\t\t\t<div class=\"elementor-element elementor-element-aba2965 elementor-widget elementor-widget-image\" data-id=\"aba2965\" data-element_type=\"widget\" data-e-type=\"widget\" data-widget_type=\"image.default\">\n\t\t\t\t\t\t\t\t\t\t\t\t\t\t\t<img fetchpriority=\"high\" decoding=\"async\" width=\"800\" height=\"800\" src=\"https:\/\/www.nesso.pro\/wp-content\/uploads\/2026\/02\/nesso-favicon-terracotta-1024x1024.png\" class=\"attachment-large size-large wp-image-34\" alt=\"nesso favicon terracota\" srcset=\"https:\/\/www.nesso.pro\/wp-content\/uploads\/2026\/02\/nesso-favicon-terracotta-1024x1024.png 1024w, https:\/\/www.nesso.pro\/wp-content\/uploads\/2026\/02\/nesso-favicon-terracotta-300x300.png 300w, https:\/\/www.nesso.pro\/wp-content\/uploads\/2026\/02\/nesso-favicon-terracotta-150x150.png 150w, https:\/\/www.nesso.pro\/wp-content\/uploads\/2026\/02\/nesso-favicon-terracotta-768x768.png 768w, https:\/\/www.nesso.pro\/wp-content\/uploads\/2026\/02\/nesso-favicon-terracotta-1536x1536.png 1536w, https:\/\/www.nesso.pro\/wp-content\/uploads\/2026\/02\/nesso-favicon-terracotta-2048x2048.png 2048w\" sizes=\"(max-width: 800px) 100vw, 800px\" \/>\t\t\t\t\t\t\t\t\t\t\t\t\t\t\t<\/div>\n\t\t\t\t<\/div>\n\t\t<div class=\"elementor-element elementor-element-55f385c e-con-full bulle-chat e-flex e-con e-child\" data-id=\"55f385c\" data-element_type=\"container\" data-e-type=\"container\">\n\t\t\t\t<div class=\"elementor-element elementor-element-a240dec elementor-widget__width-auto elementor-widget elementor-widget-text-editor\" data-id=\"a240dec\" data-element_type=\"widget\" data-e-type=\"widget\" data-widget_type=\"text-editor.default\">\n\t\t\t\t\t\t\t\t\t<p><strong>Fr\u00e9d\u00e9ric Laurent<\/strong><\/p><p>M\u00eame sur des sujets structurants comme un programme de fid\u00e9lit\u00e9 ou une strat\u00e9gie relationnelle ?<\/p>\t\t\t\t\t\t\t\t<\/div>\n\t\t\t\t<div class=\"elementor-element elementor-element-83e2529 elementor-widget elementor-widget-image\" data-id=\"83e2529\" data-element_type=\"widget\" data-e-type=\"widget\" data-widget_type=\"image.default\">\n\t\t\t\t\t\t\t\t\t\t\t\t\t\t\t<img decoding=\"async\" width=\"600\" height=\"564\" src=\"https:\/\/www.nesso.pro\/wp-content\/uploads\/2026\/03\/contact-nesso-client-potentiel.webp\" class=\"attachment-large size-large wp-image-1051\" alt=\"Illustration d&#039;un client potentiel souriant pour une simulation de t\u00e9moignage nesso\" srcset=\"https:\/\/www.nesso.pro\/wp-content\/uploads\/2026\/03\/contact-nesso-client-potentiel.webp 600w, https:\/\/www.nesso.pro\/wp-content\/uploads\/2026\/03\/contact-nesso-client-potentiel-300x282.webp 300w\" sizes=\"(max-width: 600px) 100vw, 600px\" \/>\t\t\t\t\t\t\t\t\t\t\t\t\t\t\t<\/div>\n\t\t\t\t<\/div>\n\t\t<div class=\"elementor-element elementor-element-b870b09 e-con-full bulle-chat e-flex e-con e-child\" data-id=\"b870b09\" data-element_type=\"container\" data-e-type=\"container\">\n\t\t\t\t<div class=\"elementor-element elementor-element-8e14bb7 elementor-widget__width-auto elementor-widget elementor-widget-text-editor\" data-id=\"8e14bb7\" data-element_type=\"widget\" data-e-type=\"widget\" data-widget_type=\"text-editor.default\">\n\t\t\t\t\t\t\t\t\t<p><strong><span style=\"color: #b33c12;\">nesso<\/span><\/strong><\/p><div class=\"ewa-rteLine\">Oui, de A \u00e0 Z. Strat\u00e9gie, conception, d\u00e9ploiement, pilotage \u2014 on vous accompagne \u00e0 chaque \u00e9tape.<\/div><div class=\"ewa-rteLine\">Conclusion : On en parle ?<\/div><div class=\"ewa-rteLine\">\u00a0<\/div>\t\t\t\t\t\t\t\t<\/div>\n\t\t\t\t<div class=\"elementor-element elementor-element-dd366e2 elementor-widget elementor-widget-image\" data-id=\"dd366e2\" data-element_type=\"widget\" data-e-type=\"widget\" data-widget_type=\"image.default\">\n\t\t\t\t\t\t\t\t\t\t\t\t\t\t\t<img fetchpriority=\"high\" decoding=\"async\" width=\"800\" height=\"800\" src=\"https:\/\/www.nesso.pro\/wp-content\/uploads\/2026\/02\/nesso-favicon-terracotta-1024x1024.png\" class=\"attachment-large size-large wp-image-34\" alt=\"nesso favicon terracota\" srcset=\"https:\/\/www.nesso.pro\/wp-content\/uploads\/2026\/02\/nesso-favicon-terracotta-1024x1024.png 1024w, https:\/\/www.nesso.pro\/wp-content\/uploads\/2026\/02\/nesso-favicon-terracotta-300x300.png 300w, https:\/\/www.nesso.pro\/wp-content\/uploads\/2026\/02\/nesso-favicon-terracotta-150x150.png 150w, https:\/\/www.nesso.pro\/wp-content\/uploads\/2026\/02\/nesso-favicon-terracotta-768x768.png 768w, https:\/\/www.nesso.pro\/wp-content\/uploads\/2026\/02\/nesso-favicon-terracotta-1536x1536.png 1536w, https:\/\/www.nesso.pro\/wp-content\/uploads\/2026\/02\/nesso-favicon-terracotta-2048x2048.png 2048w\" sizes=\"(max-width: 800px) 100vw, 800px\" \/>\t\t\t\t\t\t\t\t\t\t\t\t\t\t\t<\/div>\n\t\t\t\t<\/div>\n\t\t\t\t<\/div>\n\t\t\t\t<\/div>\n\t\t<div class=\"elementor-element elementor-element-4a949f0 e-con-full e-flex e-con e-child\" data-id=\"4a949f0\" data-element_type=\"container\" data-e-type=\"container\">\n\t\t\t\t<div class=\"elementor-element elementor-element-3ac22bc elementor-button-align-stretch elementor-widget elementor-widget-form\" data-id=\"3ac22bc\" data-element_type=\"widget\" data-e-type=\"widget\" data-settings=\"{&quot;step_next_label&quot;:&quot;Suivant&quot;,&quot;step_previous_label&quot;:&quot;Pr\\u00e9c\\u00e9dent&quot;,&quot;button_width&quot;:&quot;100&quot;,&quot;step_type&quot;:&quot;number_text&quot;,&quot;step_icon_shape&quot;:&quot;circle&quot;}\" data-widget_type=\"form.default\">\n\t\t\t\t\t\t\t<form class=\"elementor-form\" method=\"post\" id=\"formulaire_contact_nesso\" name=\"Formulaire de contact\" aria-label=\"Formulaire de contact\" novalidate=\"\">\n\t\t\t<input type=\"hidden\" name=\"post_id\" value=\"49\"\/>\n\t\t\t<input type=\"hidden\" name=\"form_id\" value=\"3ac22bc\"\/>\n\t\t\t<input type=\"hidden\" name=\"referer_title\" value=\"Contact\" \/>\n\n\t\t\t\t\t\t\t<input type=\"hidden\" name=\"queried_id\" value=\"49\"\/>\n\t\t\t\n\t\t\t<div class=\"elementor-form-fields-wrapper elementor-labels-above\">\n\t\t\t\t\t\t\t\t<div class=\"elementor-field-type-text elementor-field-group elementor-column elementor-field-group-name elementor-col-100\">\n\t\t\t\t\t\t\t\t\t\t\t\t<label for=\"form-field-name\" class=\"elementor-field-label\">\n\t\t\t\t\t\t\t\tVotre pr\u00e9nom, nom\t\t\t\t\t\t\t<\/label>\n\t\t\t\t\t\t\t\t\t\t\t\t\t\t<input size=\"1\" type=\"text\" name=\"form_fields[name]\" id=\"form-field-name\" class=\"elementor-field elementor-size-md  elementor-field-textual\">\n\t\t\t\t\t\t\t\t\t\t\t<\/div>\n\t\t\t\t\t\t\t\t<div class=\"elementor-field-type-email elementor-field-group elementor-column elementor-field-group-email elementor-col-100\">\n\t\t\t\t\t\t\t\t\t\t\t\t<label for=\"form-field-email\" class=\"elementor-field-label\">\n\t\t\t\t\t\t\t\tVotre email pro\t\t\t\t\t\t\t<\/label>\n\t\t\t\t\t\t\t\t\t\t\t\t\t\t<input size=\"1\" type=\"email\" name=\"form_fields[email]\" id=\"form-field-email\" class=\"elementor-field elementor-size-md  elementor-field-textual\">\n\t\t\t\t\t\t\t\t\t\t\t<\/div>\n\t\t\t\t\t\t\t\t<div class=\"elementor-field-type-text elementor-field-group elementor-column elementor-field-group-message elementor-col-100\">\n\t\t\t\t\t\t\t\t\t\t\t\t<label for=\"form-field-message\" class=\"elementor-field-label\">\n\t\t\t\t\t\t\t\tVotre soci\u00e9t\u00e9\t\t\t\t\t\t\t<\/label>\n\t\t\t\t\t\t\t\t\t\t\t\t\t\t<input size=\"1\" type=\"text\" name=\"form_fields[message]\" id=\"form-field-message\" class=\"elementor-field elementor-size-md  elementor-field-textual\">\n\t\t\t\t\t\t\t\t\t\t\t<\/div>\n\t\t\t\t\t\t\t\t<div class=\"elementor-field-type-number elementor-field-group elementor-column elementor-field-group-field_987fcc5 elementor-col-100\">\n\t\t\t\t\t\t\t\t\t\t\t\t<label for=\"form-field-field_987fcc5\" class=\"elementor-field-label\">\n\t\t\t\t\t\t\t\tT\u00e9l\u00e9phone\t\t\t\t\t\t\t<\/label>\n\t\t\t\t\t\t\t\t\t<input type=\"number\" name=\"form_fields[field_987fcc5]\" id=\"form-field-field_987fcc5\" class=\"elementor-field elementor-size-md  elementor-field-textual\" min=\"\" max=\"\" >\n\t\t\t\t\t\t<\/div>\n\t\t\t\t\t\t\t\t<div class=\"elementor-field-type-checkbox elementor-field-group elementor-column elementor-field-group-field_c0afbb5 elementor-col-100\">\n\t\t\t\t\t\t\t\t\t\t\t\t<label for=\"form-field-field_c0afbb5\" class=\"elementor-field-label\">\n\t\t\t\t\t\t\t\tJe vous contacte pour\t\t\t\t\t\t\t<\/label>\n\t\t\t\t\t\t<div class=\"elementor-field-subgroup  \"><span class=\"elementor-field-option\"><input type=\"checkbox\" value=\"un programme de fid\u00e9lit\u00e9\" id=\"form-field-field_c0afbb5-0\" name=\"form_fields[field_c0afbb5][]\"> <label for=\"form-field-field_c0afbb5-0\">un programme de fid\u00e9lit\u00e9<\/label><\/span><span class=\"elementor-field-option\"><input type=\"checkbox\" value=\"animer mon r\u00e9seau BtoB\" id=\"form-field-field_c0afbb5-1\" name=\"form_fields[field_c0afbb5][]\"> <label for=\"form-field-field_c0afbb5-1\">animer mon r\u00e9seau BtoB<\/label><\/span><span class=\"elementor-field-option\"><input type=\"checkbox\" value=\"une strat\u00e9gie de marketing relationnel\" id=\"form-field-field_c0afbb5-2\" name=\"form_fields[field_c0afbb5][]\"> <label for=\"form-field-field_c0afbb5-2\">une strat\u00e9gie de marketing relationnel<\/label><\/span><span class=\"elementor-field-option\"><input type=\"checkbox\" value=\"votre solution technique\" id=\"form-field-field_c0afbb5-3\" name=\"form_fields[field_c0afbb5][]\"> <label for=\"form-field-field_c0afbb5-3\">votre solution technique<\/label><\/span><span class=\"elementor-field-option\"><input type=\"checkbox\" value=\"des conseils \/ \u00eatre accompagn\u00e9(e)\" id=\"form-field-field_c0afbb5-4\" name=\"form_fields[field_c0afbb5][]\"> <label for=\"form-field-field_c0afbb5-4\">des conseils \/ \u00eatre accompagn\u00e9(e)<\/label><\/span><\/div>\t\t\t\t<\/div>\n\t\t\t\t\t\t\t\t<div class=\"elementor-field-type-textarea elementor-field-group elementor-column elementor-field-group-field_ed685b2 elementor-col-100\">\n\t\t\t\t\t\t\t\t\t\t\t\t<label for=\"form-field-field_ed685b2\" class=\"elementor-field-label\">\n\t\t\t\t\t\t\t\tVotre besoin\t\t\t\t\t\t\t<\/label>\n\t\t\t\t\t\t<textarea class=\"elementor-field-textual elementor-field  elementor-size-md\" name=\"form_fields[field_ed685b2]\" id=\"form-field-field_ed685b2\" rows=\"8\"><\/textarea>\t\t\t\t<\/div>\n\t\t\t\t\t\t\t\t<div class=\"elementor-field-group elementor-column elementor-field-type-submit elementor-col-100 e-form__buttons\">\n\t\t\t\t\t<button class=\"elementor-button elementor-size-sm\" type=\"submit\">\n\t\t\t\t\t\t<span class=\"elementor-button-content-wrapper\">\n\t\t\t\t\t\t\t\t\t\t\t\t\t\t\t\t\t\t\t\t\t\t<span class=\"elementor-button-text\">Parler de mon projet avec nesso<\/span>\n\t\t\t\t\t\t\t\t\t\t\t\t\t<\/span>\n\t\t\t\t\t<\/button>\n\t\t\t\t<\/div>\n\t\t\t<\/div>\n\t\t<\/form>\n\t\t\t\t\t\t<\/div>\n\t\t\t\t<div class=\"elementor-element elementor-element-e10bcec elementor-widget elementor-widget-text-editor\" data-id=\"e10bcec\" data-element_type=\"widget\" data-e-type=\"widget\" data-widget_type=\"text-editor.default\">\n\t\t\t\t\t\t\t\t\t<p>Un premier \u00e9change utile et sans engagement<\/p>\t\t\t\t\t\t\t\t<\/div>\n\t\t\t\t<\/div>\n\t\t\t\t<\/div>\n\t\t\t\t<\/div>\n\t\t","protected":false},"excerpt":{"rendered":"<p>Restons en contact \u00c9changeons ensemblesur vos enjeux BtoB. Fr\u00e9d\u00e9ric Laurent On a des id\u00e9es pour activer nos clients et partenaires, mais notre \u00e9cosyst\u00e8me est complexe et on manque de temps pour les mettre en \u0153uvre. nesso C&rsquo;est souvent l\u00e0 que \u00e7a bloque. Notre r\u00f4le, c&rsquo;est pr\u00e9cis\u00e9ment de prendre le relais \u2014 pour que vos id\u00e9es [&hellip;]<\/p>\n","protected":false},"author":1,"featured_media":0,"parent":0,"menu_order":0,"comment_status":"closed","ping_status":"closed","template":"","meta":{"_acf_changed":false,"footnotes":""},"class_list":["post-49","page","type-page","status-publish","hentry"],"acf":[],"_links":{"self":[{"href":"https:\/\/www.nesso.pro\/index.php?rest_route=\/wp\/v2\/pages\/49","targetHints":{"allow":["GET"]}}],"collection":[{"href":"https:\/\/www.nesso.pro\/index.php?rest_route=\/wp\/v2\/pages"}],"about":[{"href":"https:\/\/www.nesso.pro\/index.php?rest_route=\/wp\/v2\/types\/page"}],"author":[{"embeddable":true,"href":"https:\/\/www.nesso.pro\/index.php?rest_route=\/wp\/v2\/users\/1"}],"replies":[{"embeddable":true,"href":"https:\/\/www.nesso.pro\/index.php?rest_route=%2Fwp%2Fv2%2Fcomments&post=49"}],"version-history":[{"count":232,"href":"https:\/\/www.nesso.pro\/index.php?rest_route=\/wp\/v2\/pages\/49\/revisions"}],"predecessor-version":[{"id":1194,"href":"https:\/\/www.nesso.pro\/index.php?rest_route=\/wp\/v2\/pages\/49\/revisions\/1194"}],"wp:attachment":[{"href":"https:\/\/www.nesso.pro\/index.php?rest_route=%2Fwp%2Fv2%2Fmedia&parent=49"}],"curies":[{"name":"wp","href":"https:\/\/api.w.org\/{rel}","templated":true}]}}